21 = -5*r + 2*v. What is the highest common divisor of h and r?
25
Let f(b) = 2*b**3 - b**2 + 2*b - 2. Let p be f(2). Let i be 17 - (-3)/9*-9. Calculate the greatest common factor of i and p.
14
Let s(f) = f**3 + 5*f**2 + 4. Suppose -5*z + 2*n + 10 + 3 = 0, z + 4*n = -15. Let t = z - 6. Let l be s(t). What is the greatest common divisor of 1 and l?
1
Suppose -4*s - 14 = -5*v - 172, 0 = s - 5*v - 32. Calculate the greatest common factor of 294 and s.
42
Suppose -1 = -3*f + 5. Suppose 47 = 5*u + 3*w - 0, f*w = -4*u + 36. Calculate the greatest common factor of 7 and u.
7
Let v be -3 + 2/2 + -1. Let m be v + (0 - 0) + 6. What is the highest common factor of m and 30?
3
Let z(b) = 4*b - 6. Let q be z(4). Let v(o) be the second derivative of o**3/6 + 3*o**2 + 3*o - 6. Let r be v(q). What is the highest common factor of 16 and r?
16
Let h = 262 - 102. Let x(q) = q**3 + 6*q**2 - 9*q + 6. Let w be x(-7). Calculate the greatest common divisor of w and h.
20
Let y(o) = -5*o - 1. Let h be y(-9). Let v = 2 - 2. Suppose v = -c - 4*c + 55. What is the highest common divisor of h and c?
11
Let x(q) = -27*q + 11. Let d be x(-4). What is the highest common factor of d and 17?
17
Let n(o) = o**2 - 11*o - 13. Let m be 10 - (11 - 2)/(-3). Let y be n(m). What is the greatest common divisor of y and 13?
13
Let a = 46 - -34. Let s be ((-120)/9)/4*-3. Calculate the highest common divisor of a and s.
10
Suppose -5*l + 62 = -f - 250, -3*l - f = -192. Calculate the greatest common factor of 18 and l.
9
Let h = 32 - 8. Suppose -3*w + 8 = -g, -2*g = 5*w - 5*g - 12. Calculate the greatest common divisor of h and w.
3
Let d be (-1 + (-7)/(-3))/((-4)/(-72)). What is the highest common factor of d and 48?
24
Let g = -5 - -8. Let n be 5 - g - (-4 + 1). Calculate the greatest common factor of 5 and n.
5
Suppose 4*b - 5*v - 266 = 0, 0 = v - 3*v - 4. Let w(t) = t**2 + 2*t - 7. Let c be w(-5). Calculate the highest common factor of c and b.
8
Suppose -4*r + 0*m + 181 = -m, 5*m = 3*r - 140. Calculate the highest common divisor of 15 and r.
15
Let x = 3 - 0. Let a(w) = -2*w + 43. Let j be a(14). Calculate the highest common factor of j and x.
3
Let k(y) = -y**2 + y - 1. Let h(n) = 5*n**2 - 5*n + 12. Let p(q) = -h(q) - 6*k(q). Let b be p(5). What is the highest common divisor of b and 154?
14
Let j(a) = a**2. Let i be j(0). Let b be (82 - 3) + 1 - i. What is the highest common divisor of 16 and b?
16
Let d be ((-2)/6)/(2/6). Let a = 1 - d. Suppose 0*c + a*c - 22 = 0. Calculate the highest common divisor of 121 and c.
11
Suppose -6 = -3*m - 24. Let r(c) = -3*c - 3. Let v be r(m). Let p be v*(0 - 17/(-3)). Calculate the greatest common divisor of p and 17.
17
Let t(y) = y**3 + 8*y - 9. Let m be t(5). What is the greatest common factor of 12 and m?
12
Suppose 2*y = 23 + 13. Calculate the greatest common divisor of y and 12.
6
Let n be (-2)/3*(-18)/4. Let f be (1 - -167)/4 + n. Suppose 5*w + 35 = 3*o, 4*w - 25 = -o - w. Calculate the highest common factor of f and o.
15
Suppose -28 = 2*a + 4*w + 2, 0 = 5*a - 4*w + 145. Let p = 63 - a. Calculate the greatest common divisor of 11 and p.
11
Let h = 37 + -26. Let k(o) = -o - 6. Let z be k(-7). What is the highest common factor of h and z?
1
Let w(s) = s**2 + 14*s. Let d be w(-18). Let c = 4 - 10. Let a = 2 - c. What is the greatest common factor of d and a?
8
Suppose -4*u + 4 = 0, -5*u - 103 = q - 5*q. Let w = 6 + -6. Suppose w = -0*k + 4*k - 16, 0 = z - k + 1. What is the highest common divisor of z and q?
3
Suppose 3*c - 64 = 98. Let s(r) = -r - 8. Let u be s(-7). Let q be (u + 5/2)*12. Calculate the highest common divisor of c and q.
18
Let l be 580/14 + (-44)/(-77). What is the highest common factor of l and 63?
21
Suppose -75 = -13*g + 8*g. Let m = -392 + 557. Calculate the greatest common divisor of m and g.
15
Let c = -23 - -42. Suppose 3*z - 46 = k, 0*k + c = z - 4*k. Let n be (135 - 0/(-2))*1. Calculate the greatest common factor of n and z.
15
Let w be (-4)/6*(-20 - 1). Suppose 3*y = w + 10. Suppose 160 = 4*d + d. What is the highest common divisor of y and d?
8
Suppose -2*h - 7 - 5 = 0. Let v = h - -14. Calculate the greatest common factor of 64 and v.
8
Let w(b) = -11*b + 3. Let p be w(-3). Suppose -3*k + 5*d + 294 = 0, -5*k + 2*d - 124 = -614. Let z = k + -8. Calculate the highest common factor of p and z.
18
Let t = 83 + -24. Calculate the greatest common factor of 649 and t.
59
Let o be (-16)/(-6) + (-2)/3. Suppose -3*v = 2*a - 28, -o*a + 4 = a - 5*v. Suppose 4*z - 163 = 93. Calculate the highest common factor of z and a.
8
Let k(i) = i**2 - 6*i + 2. Let x be k(6). Suppose 2*v = -v - 81. Let f = -9 - v. Calculate the greatest common divisor of f and x.
2
Let x be (-1)/(-2 - -1) + 0. Suppose 11 = 2*r + x. Suppose 3*f = -4*q + 212, -q + 21 + 15 = r*f. What is the greatest common divisor of 8 and q?
8
Suppose -z + 24 = 5*m, -4*m - 2*z = -18 - 0. Suppose 2*h = -f - 0*h + 2, -m*f - 2*h + 26 = 0. Calculate the highest common divisor of 9 and f.
3
Suppose 2*p + 1 = 5. Suppose 0 = -2*v, 5*h + 0*v - p*v + 20 = 0. Let k = 7 + h. Calculate the greatest common factor of 24 and k.
3
Let f be (3 - -3) + -3 + 1. Suppose 3*d = d + 24. Calculate the highest common factor of d and f.
4
Let g be 70/7*2/4. Let p(t) = -t**2 + 8*t - 4. Let y be p(g). Calculate the greatest common divisor of 99 and y.
11
Suppose -4*k - 11 + 15 = 0. Let j be (-4)/(-6)*(2 - 5). Let u be (0 - -9) + 4/j. What is the greatest common factor of k and u?
1
Suppose -65*p = -67*p + 252. What is the highest common divisor of 18 and p?
18
Let f(x) = -x**3 - 6*x**2 - 4*x + 2. Let a = -10 - -5. Let c be f(a). Let t be ((-10)/3)/(1/c). What is the highest common factor of t and 10?
10
Let o be (92/8)/((-2)/(-20)). Let n = -10 + o. What is the highest common factor of n and 15?
15
Let y = -8 - -12. Let a be 112/10 - y/20. What is the highest common divisor of 121 and a?
11
Let k = -4 + 26. Let y = 178 + -2. What is the highest common factor of y and k?
22
Let v = 15 + 5. Let y = -23 - -28. Calculate the highest common factor of v and y.
5
Let i(z) = z**3 - 9*z**2 + 11*z - 8. Let q(u) = -u + 8. Let c be q(0). Let d be i(c). Calculate the greatest common factor of 176 and d.
16
Suppose 2*y = -27 + 111. Calculate the highest common factor of 7 and y.
7
Suppose 0*j + 5*j = 0. Suppose 5*s = -0*s - g + 62, 0 = -4*g + 8. Suppose s = 4*f - j*z - z, f + 5*z = 24. Calculate the highest common divisor of f and 8.
4
Suppose 10*z - 5*z = 130. Let n(p) = 3*p - 13. Let r be n(13). What is the highest common factor of r and z?
26
Let q be -90*(28/10 + -4). What is the greatest common factor of q and 27?
27
Suppose 4*v - 119 - 25 = 0. What is the highest common factor of 12 and v?
12
Let n(x) = -15*x. Suppose -g + 31 = -2*d, d + 4*g = 2*d + 19. Let r be (-4)/6 - (-5)/d. Let j be n(r). Calculate the greatest common divisor of 6 and j.
3
Let d be (-4)/(2 - 61/30). Suppose -5*m + 265 = -d. What is the greatest common factor of m and 7?
7
Suppose 0*i + 26 = 4*n - 2*i, i + 21 = 4*n. Suppose -3*j + j = 3*v - 122, -156 = -n*v - j. Calculate the greatest common factor of v and 190.
38
Suppose -3*o = 1 - 4. Let l be (-11)/(-1) + o + -2. What is the greatest common divisor of 4 and l?
2
Suppose u - 26 = -5*i, i - 5*u + 10 = 6*i. What is the greatest common divisor of 42 and i?
6
Suppose -2*n + 85 = 51. What is the highest common divisor of n and 1?
1
Let c be 0*1/(2 - 1). Suppose 4*f - 88 = -4*g - 0*f, c = -2*g - 5*f + 38. What is the highest common divisor of 192 and g?
24
Let s be (-1*17)/(-1 + 0). Calculate the greatest common divisor of 34 and s.
17
Suppose 0*m + 24 = 3*m. Let s(x) = -x**3 + 7*x**2 + 12*x - 10. Let y be s(m). What is the greatest common divisor of 55 and y?
11
Let k(p) = -5*p. Let t be k(-1). Let w be 2/(-7) - (-573)/21. Suppose w = 4*i + 7. Calculate the highest common factor of i and t.
5
Suppose -5*y - 4*t + 4 + 4 = 0, 2*y - 2*t = 14. Suppose 33 = w - 3*k, -3*w - 5*k + 113 = -0*k. Calculate the highest common factor of w and y.
4
Suppose 5*b - 3*i = 67, 2*i + 0*i = -2*b + 30. What is the highest common factor of 56 and b?
14
Suppose -l - 5*u + 18 = 3*l, -32 = -4*l + 2*u. What is the greatest common factor of 49 and l?
7
Let g = 20 + 45. Calculate the highest common divisor of 26 